{"id":1206,"date":"2019-12-01T23:01:49","date_gmt":"2019-12-01T20:01:49","guid":{"rendered":"https:\/\/demo.efektifgrup.com.tr\/?page_id=1206"},"modified":"2019-12-02T20:38:33","modified_gmt":"2019-12-02T17:38:33","slug":"iletisim","status":"publish","type":"page","link":"https:\/\/astanplastik.com\/?page_id=1206","title":{"rendered":"\u0130LET\u0130\u015e\u0130M"},"content":{"rendered":"<div class=\"wpb-content-wrapper\"><p>[vc_row][vc_column width=&#8221;1\/2&#8243;]\n\t<div class=\"custom-heading wpb_content_element \">\n\t\t<h2 class=\"heading-title\"  style=\"color: #dd3333;\">\u0130leti\u015fim Bilgilerimiz<\/h2>\n\t\t<span class=\"heading-line primary\"><\/span>\n\t<\/div>[vc_column_text]<\/p>\n<div class=\"contact-info-box\">\n<div class=\"contact-info-item\">\n<div class=\"contact-text\"><i class=\"fa fa-map-marker\"><\/i><\/div>\n<div class=\"contact-value\">Adres : \u0130sto\u00e7 Ticaret Merkezi 40.Ada No:5\u20137\u20139 34550 T\u00fcrkiye &#8211; \u0130stanbul \/ Ba\u011fc\u0131lar<\/div>\n<\/div>\n<div class=\"contact-info-box\">\n<div class=\"contact-info-item\">\n<div class=\"contact-text\"><i class=\"fa fa-map-marker\"><\/i><\/div>\n<div class=\"contact-value\">Depo : \u0130kitelli Organize Sanayi B\u00f6lgesi \u0130pkas Sanayi Sitesi 7\/B Blok No:35-37 Ba\u015fak\u015fehir<\/div>\n<\/div>\n<div class=\"contact-info-item\">\n<div class=\"contact-text\"><i class=\"fa fa-phone\"><\/i><\/div>\n<div class=\"contact-value\">Telefon : +90 (212) 659 62 05 (pbx)<\/div>\n<\/div>\n<div class=\"contact-info-item\">\n<div class=\"contact-text\"><i class=\"fa fa-fax\"><\/i><\/div>\n<div class=\"contact-value\">Faks : +90 (212) 659 62 01<\/div>\n<\/div>\n<div class=\"contact-info-item\">\n<div class=\"contact-text\"><i class=\"fa fa-envelope\"><\/i><\/div>\n<div class=\"contact-value\">E-Posta : info@astanplastik.com<\/div>\n<\/div>\n<div class=\"contact-info-item\">\n<div class=\"contact-text\"><i class=\"fa fa-laptop\"><\/i><\/div>\n<div class=\"contact-value\">Web Sitemiz : info@astanplastik.com<\/div>\n<\/div>\n<\/div>\n<\/div>\n<p>[\/vc_column_text][vc_gmaps link=&#8221;#E-8_JTNDaWZyYW1lJTIwc3JjJTNEJTIyaHR0cHMlM0ElMkYlMkZ3d3cuZ29vZ2xlLmNvbSUyRm1hcHMlMkZlbWJlZCUzRnBiJTNEJTIxMW0xOCUyMTFtMTIlMjExbTMlMjExZDI1MTEuMjYxNTEwMzQ4NzExNSUyMTJkMjguODI4NDMzNjY5MjYyNTM3JTIxM2Q0MS4wNjc4ODIzNTM3NjExMyUyMTJtMyUyMTFmMCUyMTJmMCUyMTNmMCUyMTNtMiUyMTFpMTAyNCUyMTJpNzY4JTIxNGYxMy4xJTIxM20zJTIxMW0yJTIxMXMweDE0Y2FhNTk5YjM3YTA2NjclMjUzQTB4ZmI1MDI2MjVkOTVjNjAxZiUyMTJ6UVZOVVFVNGdVRXhCVTFURXNFc2dWRVZMVXlCVXhMQkRJSFpsSUZOQlRpQk1WRVFneFo1VXhMQSUyMTVlMCUyMTNtMiUyMTFzdHIlMjEyc3RyJTIxNHYxNTc1Mjg5MTQzODIyJTIxNW0yJTIxMXN0ciUyMTJzdHIlMjIlMjB3aWR0aCUzRCUyMjYwMCUyMiUyMGhlaWdodCUzRCUyMjQ1MCUyMiUyMGZyYW1lYm9yZGVyJTNEJTIyMCUyMiUyMHN0eWxlJTNEJTIyYm9yZGVyJTNBMCUzQiUyMiUyMGFsbG93ZnVsbHNjcmVlbiUzRCUyMiUyMiUzRSUzQyUyRmlmcmFtZSUzRQ==&#8221;][\/vc_column][vc_column width=&#8221;1\/2&#8243;]\n\t<div class=\"custom-heading wpb_content_element \">\n\t\t<h2 class=\"heading-title\"  style=\"color: #dd3333;\">Mail G\u00f6nderin<\/h2>\n\t\t<span class=\"heading-line primary\"><\/span>\n\t<\/div>\n<div class=\"wpcf7 no-js\" id=\"wpcf7-f6-o1\" lang=\"tr-TR\" dir=\"ltr\">\n<div class=\"screen-reader-response\"><p role=\"status\" aria-live=\"polite\" aria-atomic=\"true\"><\/p> <ul><\/ul><\/div>\n<form action=\"\/index.php?rest_route=%2Fwp%2Fv2%2Fpages%2F1206#wpcf7-f6-o1\" method=\"post\" class=\"wpcf7-form init\" aria-label=\"Contact form\" novalidate=\"novalidate\" data-status=\"init\">\n<div style=\"display: none;\">\n<input type=\"hidden\" name=\"_wpcf7\" value=\"6\" \/>\n<input type=\"hidden\" name=\"_wpcf7_version\" value=\"5.8.3\" \/>\n<input type=\"hidden\" name=\"_wpcf7_locale\" value=\"tr_TR\" \/>\n<input type=\"hidden\" name=\"_wpcf7_unit_tag\" value=\"wpcf7-f6-o1\" \/>\n<input type=\"hidden\" name=\"_wpcf7_container_post\" value=\"0\" \/>\n<input type=\"hidden\" name=\"_wpcf7_posted_data_hash\" value=\"\" \/>\n<\/div>\n<p><label> Ad\u0131n\u0131z (gerekli)<br \/>\n<span class=\"wpcf7-form-control-wrap\" data-name=\"your-name\"><input size=\"40\" class=\"wpcf7-form-control wpcf7-text wpcf7-validates-as-required\" aria-required=\"true\" aria-invalid=\"false\" value=\"\" type=\"text\" name=\"your-name\" \/><\/span> <\/label>\n<\/p>\n<p><label> E-posta adresiniz (gerekli)<br \/>\n<span class=\"wpcf7-form-control-wrap\" data-name=\"your-email\"><input size=\"40\" class=\"wpcf7-form-control wpcf7-email wpcf7-validates-as-required wpcf7-text wpcf7-validates-as-email\" aria-required=\"true\" aria-invalid=\"false\" value=\"\" type=\"email\" name=\"your-email\" \/><\/span> <\/label>\n<\/p>\n<p><label> Konu<br \/>\n<span class=\"wpcf7-form-control-wrap\" data-name=\"your-subject\"><input size=\"40\" class=\"wpcf7-form-control wpcf7-text\" aria-invalid=\"false\" value=\"\" type=\"text\" name=\"your-subject\" \/><\/span> <\/label>\n<\/p>\n<p><label> \u0130letiniz<br \/>\n<span class=\"wpcf7-form-control-wrap\" data-name=\"your-message\"><textarea cols=\"40\" rows=\"10\" class=\"wpcf7-form-control wpcf7-textarea\" aria-invalid=\"false\" name=\"your-message\"><\/textarea><\/span> <\/label>\n<\/p>\n<p><input class=\"wpcf7-form-control wpcf7-submit has-spinner\" type=\"submit\" value=\"G\u00f6nder\" \/>\n<\/p><div class=\"wpcf7-response-output\" aria-hidden=\"true\"><\/div>\n<\/form>\n<\/div>\n[\/vc_column][\/vc_row]<\/p>\n<\/div>","protected":false},"excerpt":{"rendered":"<p>[vc_row][vc_column width=&#8221;1\/2&#8243;][vc_column_text] Adres : \u0130sto\u00e7 Ticaret Merkezi 40.Ada No:5\u20137\u20139 34550 T\u00fcrkiye &#8211; \u0130stanbul \/ Ba\u011fc\u0131lar Depo : \u0130kitelli Organize Sanayi B\u00f6lgesi &#8230;<\/p>\n","protected":false},"author":1,"featured_media":0,"parent":0,"menu_order":0,"comment_status":"closed","ping_status":"closed","template":"","meta":{"footnotes":""},"_links":{"self":[{"href":"https:\/\/astanplastik.com\/index.php?rest_route=\/wp\/v2\/pages\/1206"}],"collection":[{"href":"https:\/\/astanplastik.com\/index.php?rest_route=\/wp\/v2\/pages"}],"about":[{"href":"https:\/\/astanplastik.com\/index.php?rest_route=\/wp\/v2\/types\/page"}],"author":[{"embeddable":true,"href":"https:\/\/astanplastik.com\/index.php?rest_route=\/wp\/v2\/users\/1"}],"replies":[{"embeddable":true,"href":"https:\/\/astanplastik.com\/index.php?rest_route=%2Fwp%2Fv2%2Fcomments&post=1206"}],"version-history":[{"count":7,"href":"https:\/\/astanplastik.com\/index.php?rest_route=\/wp\/v2\/pages\/1206\/revisions"}],"predecessor-version":[{"id":1293,"href":"https:\/\/astanplastik.com\/index.php?rest_route=\/wp\/v2\/pages\/1206\/revisions\/1293"}],"wp:attachment":[{"href":"https:\/\/astanplastik.com\/index.php?rest_route=%2Fwp%2Fv2%2Fmedia&parent=1206"}],"curies":[{"name":"wp","href":"https:\/\/api.w.org\/{rel}","templated":true}]}}